or of 301216758?
True
Is 6 a factor of 236928393?
False
Does 3 divide 656159400?
True
Does 5 divide 33909560?
True
Is 750 a factor of 1112699518?
False
Is 38799812 a multiple of 30?
False
Is 572 a factor of 20072411?
False
Is 832998585 a multiple of 5?
True
Is 414090132 a multiple of 12?
True
Is 3047962 a multiple of 1679?
False
Is 996350231 a multiple of 1306?
False
Is 7235488 a multiple of 208?
True
Does 34 divide 246036852?
True
Is 462 a factor of 34455428?
False
Does 1482 divide 51870520?
False
Is 48996612 a multiple of 6?
True
Is 392 a factor of 2388372690?
False
Is 34572750 a multiple of 51?
False
Does 46 divide 229874751?
False
Is 2933640712 a multiple of 21?
False
Is 18639811 a multiple of 3257?
True
Is 1672797960 a multiple of 170?
True
Does 8 divide 1925015695?
False
Does 1569 divide 799225065?
True
Is 568601560 a multiple of 10?
True
Does 52 divide 378071168?
False
Is 37085946 a multiple of 72?
False
Does 20 divide 3529239271?
False
Is 475777716 a multiple of 79?
False
Is 27559116 a multiple of 81?
True
Is 4723492587 a multiple of 31?
False
Is 5640532494 a multiple of 877?
True
Is 7 a factor of 70559762?
True
Is 17 a factor of 185980459?
True
Is 126 a factor of 48596419?
False
Is 2319 a factor of 788269022?
False
Is 4 a factor of 15872785?
False
Is 54793027 a multiple of 507?
False
Is 95107697 a multiple of 82?
False
Does 279 divide 880582032?
True
Is 1363 a factor of 168039375?
False
Does 4732 divide 122748080?
True
Is 8 a factor of 10849304?
True
Is 207 a factor of 2477201378?
False
Is 160369062 a multiple of 36?
False
Is 838045 a multiple of 28?
False
Does 49 divide 149621209?
False
Is 9138962 a multiple of 133?
True
Does 3 divide 6168682?
False
Does 500 divide 32721689?
False
Does 33 divide 122959278?
False
Is 8024986 a multiple of 1013?
True
Does 589 divide 58910013?
True
Is 972 a factor of 307255243?
False
Is 423 a factor of 42764135?
False
Is 2925 a factor of 110003400?
True
Is 266957986 a multiple of 386?
True
Is 117 a factor of 78951834?
True
Is 4 a factor of 1454604?
True
Does 11 divide 712931648?
True
Is 11 a factor of 23871056?
True
Is 11660584 a multiple of 98?
False
Is 15 a factor of 30730800?
True
Does 43 divide 12754905?
False
Is 6 a factor of 991515545?
False
Is 350821890 a multiple of 2895?
True
Is 8645369 a multiple of 734?
False
Does 14 divide 1137834334?
True
Is 17 a factor of 29757195?
False
Does 121 divide 1186074248?
False
Is 112928230 a multiple of 76?
False
Does 12 divide 2415163932?
True
Is 93 a factor of 48630816?
True
Is 464404688 a multiple of 209?
True
Is 16906685 a multiple of 81?
False
Is 1884631905 a multiple of 112?
False
Is 1691745413 a multiple of 35?
False
Is 10 a factor of 55823313?
False
Is 385210956 a multiple of 156?
True
Is 163593428 a multiple of 359?
True
Is 8641695 a multiple of 17?
True
Is 3252568731 a multiple of 7610?
False
Is 9 a factor of 203680782?
True
Does 588 divide 333305921?
False
Does 16 divide 492473102?
False
Does 937 divide 79094981?
True
Does 95 divide 100877633?
False
Is 22182131 a multiple of 750?
False
Is 72 a factor of 14579972?
False
Is 171 a factor of 151942921?
False
Does 549 divide 148004361?
True
Is 10763360 a multiple of 123?
False
Is 91415198 a multiple of 15?
False
Is 658415592 a multiple of 111?
True
Does 421 divide 581812738?
True
Is 1114 a factor of 4284273558?
True
Does 226 divide 400886629?
False
Is 87 a factor of 1572512524?
False
Is 1067 a factor of 1758981732?
False
Is 244 a factor of 22370652?
True
Is 13 a factor of 26213057?
True
Is 385 a factor of 3233357050?
True
Does 9 divide 54661581?
True
Is 241 a factor of 64778149?
True
Is 138065256 a multiple of 126?
True
Does 17 divide 1323331?
True
Is 41 a factor of 28400420?
False
Is 1408152984 a multiple of 294?
True
Is 18 a factor of 109525543?
False
Is 1635621541 a multiple of 59?
True
Does 106 divide 76190362?
True
Is 3 a factor of 1471197?
True
Is 14 a factor of 516102973?
False
Does 18 divide 1145909?
False
Is 19 a factor of 158438093?
True
Is 9 a factor of 40581597?
False
Is 29702383 a multiple of 30?
False
Is 20623128 a multiple of 108?
False
Is 39445588 a multiple of 274?
True
Does 143 divide 1776899696?
True
Is 4102080 a multiple of 8?
True
Is 18 a factor of 5031468?
True
Is 92892813 a multiple of 158?
False
Is 50976167 a multiple of 229?
False
Does 122 divide 44408908?
False
Does 1883 divide 34143863?
False
Does 1947 divide 22565730?
True
Does 40 divide 18392360?
True
Is 22 a factor of 16649530?
False
Is 91 a factor of 409520997?
False
Does 68 divide 23849512?
False
Is 3 a factor of 2580136?
False
Is 46877770 a multiple of 1070?
True
Is 125 a factor of 342057250?
True
Is 130 a factor of 1283751962?
False
Does 27 divide 123369048?
True
Is 6826796 a multiple of 37?
True
Does 7065 divide 1703117160?
True
Does 197 divide 86900734?
False
Does 9224 divide 166891704?
False
Is 13 a factor of 157392209?
True
Is 39 a factor of 91148265?
True
Does 7 divide 780716299?
False
Is 22930790 a multiple of 460?
False
Does 247 divide 25362056?
False
Does 5 divide 797684979?
False
Is 48 a factor of 42603154?
False
Is 688 a factor of 13107846?
False
Is 16 a factor of 57981032?
False
Does 7 divide 16143582?
True
Does 52 divide 15923752?
True
Is 4027 a factor of 31299957?
False
Is 32112935 a multiple of 38?
False
Does 269 divide 246856913?
False
Does 197 divide 67768788?
True
Does 64 divide 1526973011?
False
Does 6 divide 7439773?
False
Does 21 divide 192315244?
False
Is 199772832 a multiple of 21?
True
Is 366 a factor of 4424574?
True
Does 331 divide 95724207?
True
Is 379 a factor of 762986455?
False
Is 74795582 a multiple of 67?
False
Does 768 divide 1913856?
True
Is 115 a factor of 1057892820?
True
Is 756 a factor of 118121976?
True
Is 46190615 a multiple of 703?
True
Is 5345874792 a multiple of 5661?
False
Is 4982020 a multiple of 20?
True
Does 187 divide 2840717?
True
Is 644 a factor of 5436240?
False
Does 16 divide 100923609?
False
Does 2673 divide 5250082068?
True
Is 4 a factor of 15618696?
True
Does 95 divide 10741073?
False
Is 15358571 a multiple of 358?
False
Is 789085087 a multiple of 14?
False
Is 790268427 a multiple of 254?
False
Is 482859450 a multiple of 262?
True
Does 168 divide 2220446928?
True
Is 12 a factor of 665759544?
True
Does 1107 divide 330870123?
True
Is 72441400 a multiple of 8?
True
Is 30463438 a multiple of 2?
True
Is 36 a factor of 15752307?
False
Does 107 divide 196876953?
False
Is 96 a factor of 132851136?
True
Does 338 divide 26069188?
False
Is 598463947 a multiple of 79?
True
Does 18 divide 7700346?
True
Does 6616 divide 658090282?
False
Is 147 a factor of 575083992?
True
Is 34223934 a multiple of 3?
True
Does 572 divide 97235424?
True
Does 217 divide 2707726?
True
Is 42009168 a multiple of 586?
True
Does 3650 divide 82909750?
True
Does 50 divide 76122950?
True
Is 78 a factor of 2278102857?
False
Does 37 divide 10066472?
False
Is 61070222 a multiple of 49?
False
Is 617 a factor of 54178262?
False
Does 172 divide 1557066956?
False
Is 55 a factor of 27190991?
False
Is 69285814 a multiple of 24?
False
Does 466 divide 164319522?
True
Is 6 a factor of 2101681824?
True
Is 43649526 a multiple of 586?
False
Does 692 divide 30679820?
True
Is 16005489 a multiple of 349?
True
Is 158146620 a multiple of 5?
True
Is 702393357 a multiple of 328?
False
Does 276 divide 70273188?
True
Is 60 a factor of 1114778870?
False
Is 29852284 a multiple of 308?
True
Does 211 divide 831965404?
True
Is 588047506 a multiple of 1270?
False
Does 3 divide 42251758?
False
Is 19 a factor of 3543861?
True
Does 570 divide 1295152860?
True
Is 4071616158 a multiple of 224?
False
Is 50 a factor of 6620850?
True
Is 286521468 a multiple of 204?
True
Is 11 a factor of 203106585?
True
Does 208 divide 14571307?
False
Does 29 divide 9756222?
False
Is 2612 a factor of 1245176968?
True
Is 531 a factor of 10371483?
False
Is 120473836 a multiple of 166?
True
Is 101302578 a multiple of 122?
True
Is 5486168 a multiple of 1059?
False
Does 111 divide 2092017?
True
Does 131 divide 835043048?
False
Is 692295582 a multiple of 1314?
False
Does 24 divide 657290616?
True
Does 35 divide 1105684615?
True
Does 350 divide 99571749?
False
Is 39736554 a multiple of 377?
True
Does 1219 divide 1315627692?
True
Does 27 divide 164092095?
True
Is 144 a